 hundreds digit of z(3)?
1
Let d be -2*(0 + -1) - 11. Suppose -3*y - 64 = -4*l, 4*y = -2*l - l - 77. Let c = d - y. What is the units digit of c?
1
Suppose 0 + 48 = s. Suppose -2*y - o - o = -s, -y + o = -16. What is the tens digit of 264/y - 1/5?
1
Suppose 1 - 10 = -3*s. What is the units digit of s/5 - 2/(-5)?
1
Let f be (-1)/(-2) - 6/4. Let z = -1 + 8. What is the units digit of f/(1/z*-1)?
7
Suppose -5 = -k - 0*k. Suppose -k*p + 33 + 52 = 0. What is the tens digit of p?
1
Let l be 3 + (18/1)/2. Suppose 0 = 4*v - l - 72. Suppose -3 = -4*w + v. What is the units digit of w?
6
Let d(z) = 14*z + 19. What is the units digit of d(7)?
7
Suppose -3*t - 2 = -5. Let c = t - -1. Suppose -c*u - 10 = -5*y - 7*u, 5*u + 44 = 4*y. What is the units digit of y?
6
Let v = -9 - -9. Suppose -2*k - z + 4*z + 11 = 0, -4*k - 4*z + 32 = v. What is the units digit of k?
7
Let o(q) = q. Let a(w) = w + 1. Let c(z) = 3*a(z) - 4*o(z). What is the units digit of c(2)?
1
Let n(p) = p**3 - 1. Let t be n(1). Suppose t*k = k - 3. Suppose -22 = -2*o + k*a, 10*o - 5*o + a - 38 = 0. What is the units digit of o?
8
Suppose -i + 0 = -2. Suppose 5*o + 4*h = 233, 5*o + i*h = -3 + 232. What is the units digit of o?
5
Let i = 137 - 69. What is the units digit of i?
8
Suppose 104 = k + 28. What is the units digit of k?
6
Suppose 4*d - 114 = d. Suppose d = v - 2*v. What is the units digit of (v/(-8))/((-7)/(-28))?
9
Suppose 2 = -5*r + 17. Suppose r*z + 36 = 7*z. Suppose -z = -i - 2. What is the units digit of i?
7
Let c(a) = 4*a - 8. Let k = 3 - -8. What is the tens digit of c(k)?
3
Let n(z) = 3*z**2 - 6*z - 1. Let j(c) = 3*c**2 - 5*c. Let w(u) = 4*j(u) - 3*n(u). What is the units digit of w(2)?
1
Suppose -3*k + 2*w = -523, 0 = -k + 4*w - 0*w + 161. What is the tens digit of k?
7
Suppose 5*i - 1 = 19. Suppose i*w + 14 = 50. What is the units digit of w?
9
Let j(t) = 2 + 7*t - 6*t - 2*t. What is the units digit of j(-3)?
5
Let t(r) = 2*r**2 + 6*r - 7. Let h be t(-5). Suppose l = 2*l - h. What is the units digit of l?
3
Let n(g) = g + 21. Let y be n(0). Let a = 51 - y. What is the tens digit of a?
3
Let w be ((-10)/(-25))/((-2)/(-10)). What is the units digit of 3/((-3 - -2) + w)?
3
Let f = -6 + 8. Suppose -12 = -f*v - 2. Suppose c + 4*a + 0 - 2 = 0, 10 = 5*c - v*a. What is the units digit of c?
2
Suppose -21 = -2*q + 5*v, 3 = 2*q + 3*q + 4*v. Suppose q*u + u - 16 = 0. Suppose 0 = -9*i + u*i + 5. What is the units digit of i?
1
Suppose g - 105 = -3*y + 23, -3*g = 12. What is the units digit of y?
4
Let f(n) = -37*n**2 + 2*n - 1. Let s be f(1). Let b = -20 - s. What is the tens digit of b?
1
What is the units digit of ((-348)/2)/(-1 - 1)?
7
Let i(a) be the third derivative of 1/24*a**4 + 0 + 11/6*a**3 + 2*a**2 + 0*a. What is the units digit of i(-8)?
3
Suppose -6*n + 14 = 2. What is the units digit of n?
2
Let q be (1/(-2))/(4/(-64)). Suppose -q*k = -3*k - 155. What is the tens digit of k?
3
Suppose 0 = 4*m - m - 96. What is the tens digit of 0 + 1 + 2 + m?
3
Let j = 219 + -129. Let o be 8/(-10)*j/(-12). Suppose 3*a - 51 + o = 0. What is the tens digit of a?
1
Let p(y) = y**2 - 12*y - 10. Let r be (2/(-6))/(10/(-450)). What is the units digit of p(r)?
5
Suppose -117 = -5*q + 468. What is the units digit of q?
7
Let i be (5 + -3 - -3) + 0. Suppose -2 = 2*u + 4*q, 0*q + 35 = 4*u - i*q. Suppose -2*l = -l - u. What is the units digit of l?
5
Suppose 5*l - q = 7, 3 + 0 = -3*l - 3*q. Let j = l - -8. What is the units digit of j?
9
Let z be 1/(-1*2)*0. Let x be (-4 - -1)*(-1 - z). Suppose -2*h = h - x. What is the units digit of h?
1
Suppose 22 = h + 3*z + 6, 2*h = 3*z - 4. Suppose 4*p = 2*o - 16, -h*p = 7*o - 3*o - 44. What is the units digit of o/(-4)*(-12)/6?
5
Let b(g) = g + 32. Let q be b(0). Suppose 2*i + 3*t - q = 48, -t = -i + 50. Let j = i - 32. What is the tens digit of j?
1
Let w(t) = 27*t**2 + t - 3. Let b(r) = -41*r**2 - 2*r + 5. Let h(l) = 5*b(l) + 8*w(l). What is the tens digit of h(1)?
1
Let y = -49 - -70. What is the units digit of y?
1
Suppose 2*d + 5*d = 231. What is the units digit of d?
3
Let z(b) = -b**3 + 14*b**2 + 2*b + 18. What is the units digit of z(14)?
6
Suppose -a = 3*c + 3 - 38, 3*c = a - 29. Let o be 8/(-20) + a/5. Suppose r - o = -2*r. What is the units digit of r?
2
Let s(g) = -2*g - 5 + 5*g + g - 4. What is the units digit of s(4)?
7
Let v = 43 - -8. Let m = -1 + v. What is the units digit of m?
0
Let r(g) be the second derivative of g**4/12 - 7*g**3/6 + 7*g**2/2 + g. What is the units digit of r(11)?
1
Suppose 2*i + i - 750 = 0. Suppose -3*o - 49 = -i. Suppose -3*h + o - 7 = 0. What is the units digit of h?
0
Let n = 0 + 0. Let x = n + -4. Let q = x - -11. What is the units digit of q?
7
Let d be ((3 - 3)/3)/(-1). Suppose -x - 5*p = -26, -2*x + 3*x - 3*p + 6 = d. What is the units digit of x?
6
Suppose 2*a - a - 20 = 0. Let h(j) = j**3 + 7*j**2 + 3*j + 8. Let z be h(-7). Let l = a + z. What is the units digit of l?
7
Let v(x) = 4*x - 7. Let z(n) = -11*n + 21. Let h(t) = 8*v(t) + 3*z(t). What is the units digit of h(-5)?
2
Suppose -2*w = -4*o + 96, 3*o - 109 = -3*w - 46. Suppose 2*d + 2*i - o = 7, -5*i + 41 = 3*d. What is the tens digit of d?
1
What is the units digit of 1/6*-2*-93?
1
Let g(u) = 4*u**3 - 2*u - 3. Suppose 8*z - 3*z = -15. Let r(t) = 5*t**3 - t**2 - 2*t - 3. Let s(c) = z*r(c) + 4*g(c). What is the units digit of s(-3)?
3
Let c = -62 + 166. What is the tens digit of c?
0
Suppose -9*i = -0*i - 675. What is the tens digit of i?
7
Let f(j) = -j**3 - 8*j**2 + 2*j. Let x be f(-8). Let n = x - -38. What is the units digit of n?
2
Let r be -8 - -5 - (-7)/1. What is the units digit of 24 - (-2 + 12/r)?
3
Suppose 0*o + 6 = -4*h + 3*o, h + 3*o - 6 = 0. Let j be (h - 1) + (-1 - -5). Suppose -2*w + n - j = -12, -n = 4*w - 3. What is the units digit of w?
2
What is the units digit of (2 - 0) + (-171)/(-9)?
1
Let a(u) = u**2 - 6*u - 4. Let o be a(7). Let w(y) be the first derivative of y**3/3 - y**2/2 - 2*y + 1. What is the units digit of w(o)?
4
Suppose k + 3*r = -16, 0 = 4*k - 2*r - 6. Let q be 0/k*(-2)/4. Suppose q*n = -2*n + 14. What is the units digit of n?
7
Suppose -4*m - 4*f + 12 = 0, -4*f - f = 2*m - 12. Suppose -4*r + m = -11, -5*r = 3*g - 33. What is the units digit of g?
6
Suppose 0 = -0*b + b - 26. What is the tens digit of (3 - (-4 - -4)) + b?
2
Let a(z) = -5*z - 6. Let q be -7*(-1 + -1)/2. Let f = q + -11. What is the units digit of a(f)?
4
Let p be (-4 - -1)/(4 - 5). Suppose -i - p*i = -32. What is the units digit of i?
8
Suppose 4*y + 4*w - 120 = 0, -10 = -5*w + 10. What is the tens digit of y?
2
Suppose l + 0*l + 3*y = 0, -4*l - y - 11 = 0. What is the units digit of (0 + -3)/l*13?
3
Let d be 1*(-2 + 5 + 1). Let i(t) = 8*t - 6. What is the tens digit of i(d)?
2
Let u be 2/4 + (-70)/(-4). Suppose 0 = 4*q - 6 - u. Suppose -2*x - 2*t + 22 = 0, -2*x + t + q = -1. What is the units digit of x?
6
Let u(d) = 4*d + 17. What is the units digit of u(6)?
1
Let t = 7 + 3. What is the tens digit of (-8)/t*(-12 - 3)?
1
Suppose g + 4*g - 280 = 0. What is the units digit of g?
6
Suppose -i = -4*a + 2*a + 2, -12 = i + 3*a. Let p(q) = q - 8. Let j(t) = -t. Let d(y) = -2*j(y) - p(y). What is the units digit of d(i)?
2
Let s(t) = -t**2 - 4*t + 14. Let z be s(-6). Suppose 0 = z*w - v - 81, 0*v = -w - 3*v + 23. What is the tens digit of w?
3
Let t(m) = -m**3 - 3*m**2 - 4*m - 2. Let q be t(-2). Let s = q + 2. Suppose -3 - 1 = -s*o. What is the units digit of o?
1
Let a(l) = 3 + l - 19*l**2 - 3 + 14*l**2. Let c be a(-1). What is the units digit of (-440)/(-24) - (-2)/c?
8
Suppose 6*z + 72 = 10*z. What is the units digit of z?
8
Suppose -10*q + 22 = -148. What is the tens digit of q?
1
Suppose 2*l + 70 = 7*l. Suppose 4*w - x = 13, -2*w + 2*x = -0*w - l. Suppose -w*j - z = z - 30, -4*z = -j + 5. What is the tens digit of j?
1
Suppose -x + 73 = -55. What is the tens digit of x?
2
Let q be (-5)/(10/(-8)) - 2. Let f(h) = -h**q + 0*h + 5 + 2 + h**3 - h. What is the units digit of f(0)?
7
Let o(y) = y**2 - y + 18. Let c be o(0). What is the units digit of (c/4)/((-21)/(-14))?
3
Let d(z) = 1 - z - 3*z + 3*z. Suppose 3*n = -8 + 5. What is the units digit of d(n)?
2
Let x be (4/(-3))/((-6)/9). Suppose -x*t + 22 = 2. What is the tens digit of t?
1
Let d be (46 - 1)/((-12